69 + z. Is q a prime number?
False
Suppose -2*j - 9 = -33. Suppose 5*a = -3*x + 10 + j, -2*x = 3*a - 14. Suppose 0 = 3*o - 15, 0 = a*m + 3*o + 2*o - 431. Is m a composite number?
True
Let y(x) = 52*x**2 + 3*x - 12. Let l = 322 + -329. Is y(l) a prime number?
False
Let r = -280 + 404. Let h = 87 - 82. Suppose n + y = -y + 45, h*y + r = 3*n. Is n a composite number?
False
Let a(l) = -l**3 + 10*l**2 - 3*l + 33. Let w be a(10). Is ((-45)/3)/w + -28 + 35426 prime?
True
Suppose -14*i - 637 = -2709. Suppose -i = -8*g + 1108. Is g a prime number?
True
Let k(m) = -1. Let p(a) = -a + 3. Let o(b) = k(b) - p(b). Let i be o(4). Suppose h = 3*w - 3782, i = -0*w + 3*w + 4*h - 3757. Is w a composite number?
False
Let s(r) = r**2 - r + 1304. Let a be s(0). Let n(f) = 24*f**2 + 14*f - 19. Let h be n(-6). Let o = a - h. Is o a composite number?
True
Suppose 106*h + 40*h - 23253187 = -5000705. Is h a composite number?
False
Let b = 105 - 19. Let l(a) = -729 + b*a + 752 + 24*a. Is l(10) a composite number?
False
Is (-2208672576)/(-12480) + (-6)/(-195) a prime number?
True
Let q = -204826 - -471441. Is q prime?
False
Let x be 5782/(-8) + ((-58)/8 - -8). Let i = 1519 + x. Is i prime?
True
Let r = 128534 + -34281. Suppose r = -11*n + 563304. Is n a composite number?
False
Is 4 + (-19573385)/(-169) - 8/(-52) prime?
True
Is 17 + 3481955/5 - 5 composite?
False
Let w be (2 + -1)/((-21)/(-63)). Suppose w*k - z - 282 = 346, 4*z = 4*k - 824. Is k composite?
False
Suppose -25274942 = -149*q - 7674019. Is q a prime number?
True
Is 96*(-94)/(-2)*(-3)/(-6) + -5 a composite number?
False
Let x(m) = 138*m**2 + 5*m + 3. Let o be x(-3). Suppose 0 = 17*i + 1886 + 10847. Let g = o + i. Is g a prime number?
False
Let v(x) = 48*x - 659. Is v(71) composite?
False
Let h = -1113 + 1887. Is 427506/h*2*(-3)/(-2) composite?
False
Suppose 0 = -11*s + 2166460 + 653247. Is s composite?
False
Let g be 4/(3*(-12)/27). Is (g*17/(-6))/((-7)/(-658)) a prime number?
False
Let l(i) = -43384*i + 1521. Is l(-2) prime?
True
Suppose -4*l - 43*l = -25717037. Is l a prime number?
True
Let u(n) = 1059*n + 128. Let d be u(-3). Let b = 8394 + d. Is b prime?
False
Suppose 12*r = 6*r + 30. Let v = -35 + 39. Suppose v*w - s = 125, -92 = r*w - 8*w - s. Is w prime?
True
Let t be -1 - (3 + 67 - 8). Is ((-1923)/4)/(-3 + t/(-28)) prime?
True
Let u(x) = 397*x**2 + 5*x + 5. Suppose 7 = -h + 5*z - 0, 3*h - 19 = 5*z. Suppose 0 = 3*m - 3*w + 15, 0 = -2*m - 5*w + h + 5. Is u(m) composite?
False
Let j = -3 - -14. Suppose -j*u + 10 + 12 = 0. Suppose 1594 = u*w - 0*w. Is w prime?
True
Let z be -6*(4935/(-10) + 0). Let u = z - 1402. Suppose 4*k - k - u = -4*b, -4*k = b - 393. Is b composite?
False
Let o(z) be the second derivative of 14*z + 0 + 1/20*z**5 + 7/6*z**4 + 15/2*z**2 + 8/3*z**3. Is o(-12) composite?
True
Let r(l) = -109465*l - 6613. Is r(-8) prime?
False
Suppose -5*v - 221 = -6*m + 3*m, -m - 4*v = -102. Suppose 79*n = m*n - 4317. Is n prime?
True
Suppose l = -5*n + 223851, -31*n + 26*n = -4*l - 223871. Is n prime?
True
Suppose t - 27 = -5*o, t + 18 = 6*o - 2*o. Suppose 876 = c - 5*u, t*c - 926 = 2*u + 786. Is c composite?
True
Suppose 5*c = 528 + 57. Let b = 124 - c. Suppose -14707 - 2352 = -b*z. Is z a composite number?
False
Let o be (-396)/(-99) + ((-1)/(-1) - -45). Is (-5629776)/(-950) + (-4)/o a prime number?
False
Let h(a) = -1965*a - 506. Is h(-9) a prime number?
False
Suppose 5*d + 4*x = 961855, -d + 214325 = -3*x + 21954. Is d composite?
True
Let t(d) = -227*d - 109. Let u be ((-6)/(24 - 6))/(3/54). Is t(u) a prime number?
False
Suppose -18*f + 29*f + 24*f - 323225 = 0. Is f a composite number?
True
Let o(l) = 4*l**3 + l**2 + 1. Let f be o(-1). Let i be (198/(-9))/(f/387). Let r = i - 1964. Is r composite?
False
Suppose 0 = 2*b, 0*b + 5*b + 2 = -2*y. Is 12/72 - y/(-6) - -21467 prime?
True
Let s(x) = -5*x - 35. Let a be s(-9). Is (4/8)/(5/a)*8147 prime?
True
Let o = 354 - -56. Suppose -33*t - o = -38*t. Is t composite?
True
Suppose 2*t = 15*t - 78. Let o(h) = 725*h - 11. Let u be o(t). Suppose -9*k + u = -8*k. Is k composite?
False
Suppose -7 = -3*d + 80. Suppose 0 = d*q - 30*q + 7681. Is q a composite number?
False
Let a(c) = 43*c**2 + 67*c - 13. Suppose 0 = 12*n - 21*n + 153. Is a(n) a composite number?
False
Let p(t) = -2*t - 22. Let n be p(-11). Suppose 20*g - 27836 - 14224 = n. Is g composite?
True
Let z be (-1)/3 - 6/(90/85). Let d(u) = -3002*u - 8. Let b(t) = -3001*t - 7. Let m(o) = z*b(o) + 5*d(o). Is m(1) composite?
True
Suppose -32305 = -22*z + 15*z. Let f(o) = 20*o**3 + 2*o**2 - 2*o + 3. Let v be f(2). Suppose -6*l + z + v = 0. Is l a prime number?
True
Let k(z) = -5*z**3 + 20*z**2 - 163*z + 155. Is k(-35) prime?
False
Suppose -7046648 = -495*x + 311*x. Is x a prime number?
False
Let w be 2/(-2 + 3) + 0 + 0. Let h be (1 - w) + 3 + 1. Let u = h + 94. Is u composite?
False
Let r(j) = 2*j - 16. Let n be r(9). Let q(f) = 5316*f - 6. Let d be q(n). Let h = -7421 + d. Is h a prime number?
False
Let g(s) = -s**2 - 6*s + 15. Let b be g(-8). Let y(i) = -930*i**3 + i. Let q be y(b). Suppose 5*m - q = 4*m. Is m prime?
True
Let d = 22301 - 4120. Is d a prime number?
True
Let z(j) = 7*j**3 + 26*j**2 - 72*j + 24. Let a be z(29). Suppose 3*f - a = -22*f. Is f a composite number?
False
Suppose 22 + 9 = -k. Let h = k + 34. Suppose -4*d + h*d + 158 = 0. Is d prime?
False
Let p(i) = -i + 5. Let o(w) = w**3 + w**2 + 2. Let z be o(0). Let f be p(z). Suppose 19828 = f*t + t. Is t a prime number?
True
Let p be (-1)/((-58)/(-14) + -4). Is 21465 - 32/(-15 - p) a prime number?
False
Let a = -43 + 43. Let j(c) = 2*c + 3799. Is j(a) prime?
False
Let o = 135 + 9. Let b = o + 745. Let w = -410 + b. Is w composite?
False
Is 2*2*957124/1904*17 a prime number?
True
Suppose 9*u = 8*u + 614. Suppose u + 1033 = 3*n. Suppose f - 4*y = -2*y + n, -3*f - 4*y = -1607. Is f composite?
False
Is -1988365*(-22 - -42 - 21) a prime number?
False
Suppose 4*d + 121 = 5*f, -5*f + 3*d = 4*d - 101. Suppose f*c - 22*c = -131. Is c a prime number?
True
Let s(d) = 3*d**2 + 19*d - 9. Suppose 6*n - 10 = 2. Suppose -j + 71 = -5*r, -12 = n*r - 4*j + 2. Is s(r) a prime number?
False
Let i = 404351 - 223596. Is i prime?
False
Let i = -340 - -343. Is 412*3 - i - 8/2 a prime number?
True
Let u be 42/(-1)*44/(-6). Let c = 787 - u. Is c composite?
False
Is (17749240/(-120))/(2/(-30)) composite?
True
Let p = 589 + -579. Is p/((-13)/(66027/(-6))) a prime number?
False
Let t = 53 + -45. Suppose -4*f + b = -18, b = f - b - t. Is 509 - ((-8)/10)/(f/10) a composite number?
True
Suppose -2*r - 3 + 21 = 0. Let f = -11 + r. Is (-10)/(-15) + (-421)/(-3) - f prime?
False
Suppose 104*z - 693 = 107*z. Let v = z - -156. Let a = 106 + v. Is a a prime number?
True
Let g(n) = 13 - 2 - 5*n + 0. Suppose 1559*x + 20 = 1554*x. Is g(x) composite?
False
Let q(u) = 2*u**2 - 22*u + 22. Let i = 64 + -38. Let c be q(i). Suppose 2*a + 4*t = 366, 274 = -3*a + t + c. Is a a composite number?
True
Suppose 8*j + 2 = 9*j. Suppose y = 4*v - 12, 4*v + 28 = 9*v + j*y. Is (-1144)/(-6) + v/(-6) + 1 prime?
True
Suppose -272*x + 43*x = 26178819 - 94212200. Is x composite?
True
Suppose 109*f = 345*f - 8541548. Is f composite?
True
Let l(x) be the second derivative of -157*x**6/720 - x**5/4 + 11*x**4/12 + x. Let s(i) be the third derivative of l(i). Is s(-9) prime?
False
Suppose 308707 = -1208*v + 1215*v. Is v a composite number?
False
Suppose 70 = -206*p + 211*p. Let a(g) = 11*g**2 + 23. Is a(p) a prime number?
True
Let x be (-8)/(-2*(4 + 2 + -5)). Suppose 4*s = x*j + 41068, -3*s - 4*j = -2*j - 30791. Is s prime?
False
Let t(v) = -v**3 - 3*v**2 - 2*v. Let m be t(-3). Let i(f) = -1 + f**2 + 0*f**2 + 8 + m - 12*f. Is i(15) composite?
True
Let w = -43419 + 68852. Let z = w - 6978. Is z prime?
False
Let g = -51 + 103. Suppose -7*x + 123 = -g. Is 292 - -2*x/(-10) a composite number?
True
Suppose -4*d = 6524 - 46552. Is d a prime number?
True
Let v be (-15)/(-10) - (3/6 + 1). Suppose -2*n + 66 = -4*r, 2*n - r - 4*r - 65 = v. Is (-1)/((-1255)/(-4417) - 10/n) composite?
False
Is 152094 + ((-13)/117 - 124/18) prime?
False
Let p = 85899 + -51232. Is p composite?
False
Let c(r) = -5*r**3 - r**2 - 3*r - 2. Let q be c(-1). Suppose -5*d - q*h + 10 = -0*h, 3*d - 20 = 4*h. Is -4 + 2 + 561 + d prime?
True
Let g be 